{"id":578,"date":"2012-01-03T12:34:40","date_gmt":"2012-01-03T12:34:40","guid":{"rendered":"http:\/\/www.carmenmariysuacordeon.es\/?page_id=578"},"modified":"2017-07-07T09:07:28","modified_gmt":"2017-07-07T09:07:28","slug":"historia","status":"publish","type":"page","link":"https:\/\/www.carmenmariysuacordeon.es\/?page_id=578","title":{"rendered":"Algo sobre mi"},"content":{"rendered":"<p style=\"text-align: left;\"><span style=\"color: #000000;\">Aunque est\u00e9n de moda las m\u00fasicas latinas como el reggaeton y otras variedades, tambi\u00e9n hay cabida para el estilo de musica de Carmen Mari (esa soy yo) que a\u00fan llevando 26 a\u00f1os encima de los escenarios, sigue poni\u00e9ndose nerviosa noche tras noche antes de la actuaci\u00f3n sintiendo hormigueo en el estomago, y lo seguir\u00e1 sintiendo mientras el cuerpo le haga sombra.<\/span><br \/>\n<span style=\"color: #000000;\"> Pues bien, nac\u00ed una Nochebuena hace 43 a\u00f1os en el seno de una familia en la cual no hab\u00eda ning\u00fan m\u00fasico. Desde muy peque\u00f1a el acorde\u00f3n fue un instrumento muy interesante para mi debido a su complejidad, por eso \u00a1yo quer\u00eda aprender a tocarlo!.<\/span><br \/>\n<span style=\"color: #000000;\"> A la edad de 11 a\u00f1os, mis padres hicieron el sacrificio de comprarme un acorde\u00f3n (un Delicia de n\u00e1car rojo de 72 bajos) y ahora venia el reto: aprender a tocarlo, por lo que empec\u00e9 a recibir clases de la mano de un se\u00f1or de Gador, fueron 32 clases (de o\u00eddo, no por solfeo) hasta que un d\u00eda llegu\u00e9 y me dijo: \u00abHija m\u00eda, ya no puedo ense\u00f1arte m\u00e1s porque no se m\u00e1s\u00bb. Por cierto desde aqu\u00ed quiero darle las gracias a \u00abAntonio el zapatero\u00bb por su paciencia conmigo. Que Dios lo tenga en su gloria.!<\/span><\/p>\n<p style=\"text-align: left;\"><span style=\"color: #000000;\">Desde ese momento empec\u00e9 a practicar en casa y a ponerle mucha ganas, hasta que me prepar\u00e9 un repertorio, hasta el punto de levantarme a las 2 o a las 3 de la ma\u00f1ana porque me hab\u00eda acordado de una canci\u00f3n que me gustaba y quer\u00eda aprenderla (que locura jajajaja), dicen que eso es la inspiraci\u00f3n&#8230;.. Ser\u00e1 verdad.<\/span><\/p>\n<p style=\"text-align: left;\"><span style=\"color: #000000;\">A los 17 a\u00f1os, decid\u00ed poner en pr\u00e1ctica todo lo que sabia con el apoyo econ\u00f3mico y emocional de mis padres (en realidad el empuj\u00f3n para subirme a un escenario me lo dio mi marido, Paco, que por entonces era mi novio). Era el momento de actuar en las verbenas de los pueblos.<\/span><br \/>\n<span style=\"color: #000000;\"> Desde entonces mi camino recorrido hasta ahora ha sido muy gratificante aunque tambi\u00e9n he tenido momentos en los cuales no me he encontrado con fuerzas suficientes ni aliento para dar de mi todo lo mejor, por el camino he ido perdiendo a seres muy queridos y recientemente a una persona tan importante para mi como es mi madre. Le doy gracias a ella por todo lo que me ha dado y por hacerme como soy. En parte mi \u00e9xito tambi\u00e9n se lo debo a ella por hacer de mi una persona humilde y con los pies en la tierra. Gracias a ti pap\u00e1 por tu constancia para que aprendiera, a ti nene(mi \u00fanico hermano)por darte el tost\u00f3n todos los d\u00edas con la misma canci\u00f3n hasta que salia. A mis hijos Francisco y \u00c1lvaro por no poder disfrutar con ellos cuando todo el mundo estaba de fiesta. Y a ti Paco, por estar a mi lado siempre y en todo lugar y soportarme.<\/span><br \/>\n<span style=\"color: #000000;\"> Y como no gracias a todos aquellos que disfrutan de mi m\u00fasica y me dan su calor. Espero seguir compartiendo mi alegr\u00eda y vuestros aplausos.<\/span><br \/>\n<span style=\"color: #000000;\"> A todos vosotros&#8230;&#8230;<\/span><br \/>\n<span style=\"color: #000000;\"> GRACIAS!!!!!<\/span><\/p>\n<p>&nbsp;<\/p>\n<p><a href=\"http:\/\/www.carmenmariysuacordeon.es\/wp-content\/uploads\/carmen_mari_y_su_acordeon_foro.jpg\"><img loading=\"lazy\" decoding=\"async\" class=\"aligncenter size-full wp-image-917\" title=\"carmen_mari_y_su_acordeon_foro\" src=\"http:\/\/www.carmenmariysuacordeon.es\/wp-content\/uploads\/carmen_mari_y_su_acordeon_foro.jpg\" alt=\"\" width=\"261\" height=\"240\" \/><\/a><\/p>\n","protected":false},"excerpt":{"rendered":"<p>Aunque est\u00e9n de moda las m\u00fasicas latinas como el reggaeton y otras variedades, tambi\u00e9n hay cabida para el estilo de musica de Carmen Mari (esa soy yo) que a\u00fan llevando 26 a\u00f1os encima de los escenarios, sigue poni\u00e9ndose nerviosa noche tras noche antes de la actuaci\u00f3n sintiendo hormigueo en el estomago, y lo seguir\u00e1 sintiendo [&hellip;]<\/p>\n","protected":false},"author":1,"featured_media":0,"parent":0,"menu_order":1,"comment_status":"closed","ping_status":"closed","template":"","meta":{"footnotes":""},"class_list":["post-578","page","type-page","status-publish","hentry"],"_links":{"self":[{"href":"https:\/\/www.carmenmariysuacordeon.es\/index.php?rest_route=\/wp\/v2\/pages\/578","targetHints":{"allow":["GET"]}}],"collection":[{"href":"https:\/\/www.carmenmariysuacordeon.es\/index.php?rest_route=\/wp\/v2\/pages"}],"about":[{"href":"https:\/\/www.carmenmariysuacordeon.es\/index.php?rest_route=\/wp\/v2\/types\/page"}],"author":[{"embeddable":true,"href":"https:\/\/www.carmenmariysuacordeon.es\/index.php?rest_route=\/wp\/v2\/users\/1"}],"replies":[{"embeddable":true,"href":"https:\/\/www.carmenmariysuacordeon.es\/index.php?rest_route=%2Fwp%2Fv2%2Fcomments&post=578"}],"version-history":[{"count":15,"href":"https:\/\/www.carmenmariysuacordeon.es\/index.php?rest_route=\/wp\/v2\/pages\/578\/revisions"}],"predecessor-version":[{"id":1834,"href":"https:\/\/www.carmenmariysuacordeon.es\/index.php?rest_route=\/wp\/v2\/pages\/578\/revisions\/1834"}],"wp:attachment":[{"href":"https:\/\/www.carmenmariysuacordeon.es\/index.php?rest_route=%2Fwp%2Fv2%2Fmedia&parent=578"}],"curies":[{"name":"wp","href":"https:\/\/api.w.org\/{rel}","templated":true}]}}